 the millions digit of 95115199?
5
What is the hundreds digit of 51970364?
3
What is the thousands digit of 33864692?
4
What is the ten thousands digit of 287257199?
5
What is the hundred millions digit of 5800088750?
8
What is the ten millions digit of 2647229318?
4
What is the units digit of 1110620857?
7
What is the hundred thousands digit of 55610951?
6
What is the hundreds digit of 5865405001?
0
What is the hundred millions digit of 3563762266?
5
What is the hundreds digit of 20221660?
6
What is the tens digit of 673499909?
0
What is the hundred thousands digit of 4527241859?
2
What is the thousands digit of 55912480?
2
What is the thousands digit of 2206507172?
7
What is the millions digit of 38207638?
8
What is the ten millions digit of 119037871?
1
What is the ten thousands digit of 38274834?
7
What is the thousands digit of 934426616?
6
What is the units digit of 3773292552?
2
What is the ten thousands digit of 2178503741?
0
What is the tens digit of 64224751?
5
What is the hundred thousands digit of 598723671?
7
What is the hundred thousands digit of 1545895989?
8
What is the hundred thousands digit of 16073200?
0
What is the hundreds digit of 6504408?
4
What is the tens digit of 345399561?
6
What is the thousands digit of 1192082221?
2
What is the units digit of 283614996?
6
What is the hundred millions digit of 1938783633?
9
What is the hundreds digit of 97228148?
1
What is the units digit of 121748050?
0
What is the ten thousands digit of 1355046555?
4
What is the ten thousands digit of 16597207?
9
What is the hundreds digit of 1404368001?
0
What is the ten thousands digit of 7368148?
6
What is the hundred thousands digit of 67975436?
9
What is the hundred thousands digit of 375860393?
8
What is the billions digit of 1021771871?
1
What is the ten millions digit of 881074886?
8
What is the hundreds digit of 102611382?
3
What is the hundred thousands digit of 2316022847?
0
What is the hundreds digit of 554003722?
7
What is the millions digit of 2098887106?
8
What is the millions digit of 82403472?
2
What is the units digit of 3158516644?
4
What is the hundreds digit of 184272039?
0
What is the hundred thousands digit of 90145373?
1
What is the hundred thousands digit of 106680479?
6
What is the ten millions digit of 278792536?
7
What is the ten millions digit of 512440654?
1
What is the hundreds digit of 23563659?
6
What is the hundreds digit of 21949970?
9
What is the hundred millions digit of 1077736940?
0
What is the ten millions digit of 712566807?
1
What is the ten thousands digit of 54341689?
4
What is the units digit of 7002149?
9
What is the tens digit of 6607861?
6
What is the hundreds digit of 196514847?
8
What is the tens digit of 6273231771?
7
What is the millions digit of 509411825?
9
What is the units digit of 207430981?
1
What is the thousands digit of 223324138?
4
What is the thousands digit of 424898960?
8
What is the hundred millions digit of 262135312?
2
What is the hundred millions digit of 1344265894?
3
What is the units digit of 50046502?
2
What is the ten thousands digit of 3175035417?
3
What is the units digit of 746843855?
5
What is the millions digit of 118333565?
8
What is the millions digit of 1088196697?
8
What is the hundred thousands digit of 97464206?
4
What is the ten millions digit of 16348496?
1
What is the hundreds digit of 792307271?
2
What is the units digit of 4969204085?
5
What is the units digit of 108770076?
6
What is the hundred millions digit of 110668541?
1
What is the hundred thousands digit of 7497066226?
0
What is the hundreds digit of 25264871?
8
What is the units digit of 180043541?
1
What is the hundred millions digit of 627570604?
6
What is the hundreds digit of 25627451?
4
What is the millions digit of 154122753?
4
What is the units digit of 2008397998?
8
What is the ten thousands digit of 12287473?
8
What is the hundred thousands digit of 1004287305?
2
What is the ten millions digit of 484394060?
8
What is the ten millions digit of 89923319?
8
What is the hundred millions digit of 953876182?
9
What is the ten millions digit of 396790056?
9
What is the millions digit of 3064525776?
4
What is the thousands digit of 498054409?
4
What is the hundred millions digit of 759004393?
7
What is the tens digit of 279212486?
8
What is the ten millions digit of 295912061?
9
What is the thousands digit of 4341715717?
5
What is the ten thousands digit of 279548384?
4
What is the tens digit of 552164764?
6
What is the hundreds digit of 53052093?
0
What is the billions digit of 3351117849?
3
What is the tens digit of 37245803?
0
What is the billions digit of 1007205423?
1
What is the ten thousands digit of 558777042?
7
What is the hundreds digit of 799958416?
4
What is the thousands digit of 503916949?
6
What is the hundred thousands digit of 122750310?
7
What is the ten thousands digit of 137187389?
8
What is the hundreds digit of 132468870?
8
What is the units digit of 133525778?
8
What is the hundred thousands digit of 89222527?
2
What is the ten millions digit of 378387819?
7
What is the tens digit of 22415554?
5
What is the millions digit of 157651266?
7
What is the tens digit of 246351002?
0
What is the units digit of 107008196?
6
What is the ten thousands digit of 732110723?
1
What is the ten thousands digit of 549509671?
0
What is the tens digit of 14078455?
5
What is the tens digit of 66035286?
8
What is the hundred thousands digit of 17849493?
8
What is the millions digit of 165547995?
5
What is the ten thousands digit of 743036?
4
What is the ten thousands digit of 3602733813?
3
What is the ten thousands digit of 1421877647?
7
What is the hundred thousands digit of 16413757?
4
What is the hundred thousands digit of 4413077588?
0
What is the hundreds digit of 15392984?
9
What is the tens digit of 349835865?
6
What is the tens digit of 73652820?
2
What is the units digit of 983102300?
0
What is the ten thousands digit of 986146363?
4
What is the hundred thousands digit of 3228401?
2
What is the tens digit of 734052230?
3
What is the tens digit of 734354766?
6
What is the billions digit of 1218502554?
1
What is the ten millions digit of 54168040?
5
What is the units digit of 241688598?
8
What is the ten thousands digit of 4595120827?
2
What is the ten thousands digit of 42351955?
5
What is the hundreds digit of 128626276?
2
What is the ten thousands digit of 173764939?
6
What is the ten thousands digit of 14072632?
7
What is the hundred thousands digit of 88028881?
0
What is the millions digit of 321268755?
1
What is the hundred millions digit of 884165415?
8
What is the hundred millions digit of 289442239?
2
What is the hundred thousands digit of 49778174?
7
What is the hundreds digit of 2777197127?
1
What is the thousands digit of 806627543?
7
What is the thousands digit of 5975818?
5
What is the hundreds digit of 29898565?
5
What is the ten millions digit of 314654970?
1
What is the hundred millions digit of 173369416?
1
What is the thousands digit of 2749125?
9
What is the hundred thousands digit of 1151524280?
5
What is the ten millions digit of 3845961325?
4
What is the tens digit of 68805354?
5
What is the hundreds digit of 2294430718?
7
What is the ten thousands digit of 148258325?
5
What is the units digit of 1392693172?
2
What is the hundred millions digit of 1166129299?
1
What is the ten millions digit of 3081637698?
8
What is the units digit of 273441339?
9
What is the ten millions digit of 828131001?
2
What is the ten millions digit of 169185159?
6
What is the units digit of 97775195?
5
What is the thousands digit of 819580907?
0
What is the ten millions digit of 56490216?
5
What is the hundred millions digit of 1419474749?
4
What is the units digit of 3609249791?
1
What is the units digit of 460946192?
2
What is the tens digit of 69027015?
1
What is the units digit of 656649865?
5
What is the hundred thousands digit of 1205395387?
3
What is the ten thousands digit of 337024721?
2
What is the hundred millions digit of 573996387?
5
What is the thousands digit of 190628282?
8
What is the ten millions digit of 1157726530?
5
What is the hundreds digit of 483898294?
2
What is the tens digit of 3146732093?
9
What is the millions digit of 363538348?
3
What is the hundreds digit 